divisor of q and l.
7
Suppose 120 = 3*w - 3*y, 2*w + 0*y - 86 = 5*y. What is the greatest common divisor of 38 and w?
38
Suppose -s - 3*v = -0*s - 87, 2*s - 2*v = 182. What is the greatest common divisor of s and 18?
18
Suppose -2*b + 331 = 105. Suppose -5*s = -62 - b. Suppose 0 = -3*q + s + 196. What is the greatest common divisor of 11 and q?
11
Let c = 10 - -15. Let x = -17 + c. What is the highest common divisor of 56 and x?
8
Suppose -b - 7 + 18 = -4*l, 2*l + b = -7. Let j be -3 + (9 + l)*1. Calculate the highest common divisor of 1 and j.
1
Let c = -24 - -25. What is the highest common factor of 7 and c?
1
Let u be 17 - 6 - (1 - 1). Calculate the greatest common divisor of 88 and u.
11
Suppose -3*n + 104 + 22 = -5*t, -5*n = t - 210. Calculate the highest common divisor of n and 14.
14
Let r be (-2)/(-3)*(-12)/(-8). Calculate the greatest common factor of r and 9.
1
Suppose -5*v + 4*p + 12 + 0 = 0, -5*v = 3*p - 26. Suppose v*s + 4*t - 111 = 5*t, 0 = 3*s + 3*t - 102. Calculate the highest common divisor of 58 and s.
29
Let t be -38*(-4 - (-14)/4). What is the greatest common factor of 209 and t?
19
Suppose -5*k = -2*n - 2 + 8, 0 = -3*k - 5*n + 15. Let x = k - 1. Let f be (-4)/3*6/x. What is the highest common divisor of 72 and f?
8
Let x be 8 - (-5 - 21/(-7)). Let y(g) = g**3 + 5*g**2 - 4*g - 2. Let s be y(-4). Calculate the highest common divisor of s and x.
10
Suppose 0*x = 4*x - 12. Suppose -4 = -t - x, n - 18 = 4*t. What is the highest common factor of 22 and n?
22
Suppose 0 = -m - 4*m + 825. What is the greatest common factor of m and 15?
15
Suppose -5*b + 12 = -3*b. What is the highest common divisor of b and 24?
6
Let x be 5/(-2)*144/(-30). What is the greatest common factor of 12 and x?
12
Let q be ((-8)/(-6))/(3/9). Let u be 21/2 + q/(-8). Let k be 73/5 - (-4)/u. Calculate the highest common divisor of 105 and k.
15
Let u = 176 + -32. Let d(z) = -7*z - 3. Let h be d(-3). Calculate the highest common factor of h and u.
18
Suppose -26*c = -22*c - 648. What is the highest common factor of c and 18?
18
Let s(t) = 2*t + 1. Let n be s(2). Let f = n + -8. Let v be 4/(f + (-87)/(-27)). Calculate the greatest common factor of v and 72.
18
Suppose n - 69 = 5*a, 138 = 2*n - 4*a + 3*a. Calculate the greatest common factor of 46 and n.
23
Suppose 12 = 4*z + 3*k - 77, 45 = 3*z - 5*k. Let h(r) = -r. Let v(f) = -f - 10. Let y be v(-5). Let g be h(y). What is the highest common factor of z and g?
5
Let x(g) = g**3 + 2*g**2 - 4*g - 4. Let w be x(-3). Let u(p) = -28*p. Let k be u(w). Calculate the greatest common factor of k and 14.
14
Let n(y) = -y**3 + 19*y**2 + 4*y - 28. Let l be n(19). Calculate the highest common factor of l and 16.
16
Suppose -3*t - 5*l + 858 = t, -4*t = -2*l - 872. Calculate the greatest common factor of 31 and t.
31
Let l(q) be the second derivative of q**4/6 + q**3/6 - 5*q. Let j be l(-1). What is the highest common factor of j and 8?
1
Let y be 91 + (-2 - -1) + 1. Let u be 134/10 - 2/5. What is the highest common factor of u and y?
13
Suppose -5*s = 2*i - 0*i - 60, -5*s + i + 60 = 0. Calculate the greatest common divisor of s and 36.
12
Let p be ((-21)/(-28))/((-3)/(-48)). Let n be 6/(2/1)*4. Calculate the greatest common factor of n and p.
12
Let f(j) = 3*j**2 - 5*j - 2. Let x be f(4). Calculate the highest common divisor of x and 39.
13
Suppose 0 = 3*d + 7 - 31. Calculate the highest common divisor of 40 and d.
8
Let q = 3 - 5. Suppose -5*j - 5*s = -35, s + 2*s = -4*j + 30. Let c = q + j. What is the greatest common factor of c and 63?
7
Suppose 3*r + 29 = 4*p - 47, -5*r = 5*p - 60. What is the greatest common factor of p and 24?
8
Let z = -18 - -20. Suppose 0 = z*b - 1 - 15. Calculate the highest common factor of b and 88.
8
Suppose -3*k = -7*k - 12. Let p(a) = -4*a - 2. Let j be p(k). What is the highest common factor of j and 10?
10
Let g(z) = -z**3 - 25*z**2 + 2*z + 55. Let y be g(-25). Calculate the greatest common divisor of y and 85.
5
Let d be 49/2 + (-1)/2. Let q = 73 + -160. Let m = q - -123. Calculate the greatest common divisor of m and d.
12
Let s(x) = -19*x + 1. Let m be s(-1). Let w = 319 + -139. Calculate the highest common divisor of m and w.
20
Let z = 6 + -3. Suppose 946 = 5*c - z*c. Suppose 5*w - 207 = c. Calculate the highest common divisor of 17 and w.
17
Suppose 5*r - 17 = 253. Suppose 10 = 5*a, -3*k + 3*a = -k - 6. What is the highest common factor of k and r?
6
Suppose -4*u + 2*b + 232 = 0, -60 = -0*u - u + b. Suppose 0 = 2*r + 3*w - 34, r + 4*w = -3*r + 64. Calculate the greatest common divisor of u and r.
14
Let f = -15 + 8. Let l(m) = -m**3 - 7*m**2 - 2*m - 4. Let a be l(f). What is the highest common divisor of 10 and a?
10
Let y be 20/(-6)*6/5. Let r(w) = 2*w**2 + 4*w - 3. Let v be r(y). Let s = v - -1. What is the greatest common divisor of 14 and s?
14
Suppose 5*i = 134 - 29. Calculate the highest common divisor of 7 and i.
7
Suppose 3*o + 2*o - 420 = 0. What is the highest common divisor of o and 12?
12
Let h be 16/(-1)*5/(-4). Let y = 133 - h. Let g be (y + -1)*(-4 - -5). Calculate the greatest common factor of 16 and g.
16
Let u(k) = k**3 - 2*k**2 - 5*k - 5. Let h be u(-2). Let z(d) = -d - 3. Let y be z(h). What is the greatest common factor of 20 and y?
4
Let c(r) be the second derivative of -r - 5*r**2 + 0 - 4/3*r**3. Let s be c(-10). What is the highest common divisor of 10 and s?
10
Let f(n) = 10 - 3 + n + 7 - 3. Let u be f(-6). Suppose 3*w = -4*h + 76, u*h + 47 + 13 = 4*w. Calculate the greatest common divisor of w and 20.
20
Let y(z) = -z**3 - 8*z**2 + 8*z - 4. Let j be y(-9). What is the highest common factor of 35 and j?
5
Let l(n) = -n**2 - 15*n + 5. Let r be l(-9). Let c = -26 + r. Suppose -3*j - c = -x + 7, 92 = 3*x + 5*j. What is the highest common factor of 85 and x?
17
Let y = -34 + 54. Calculate the highest common divisor of y and 4.
4
Suppose -11*p = -10*p - 96. Calculate the greatest common divisor of p and 48.
48
Let q(l) = 3*l - 3. Let n be q(4). What is the highest common factor of n and 6?
3
Let v = 4 + 1. Suppose -4*y + 0*y = -4. Let m = 39 + y. Calculate the greatest common factor of m and v.
5
Let b(l) = -18*l - 304. Let w be b(-17). Suppose 0 = -5*t + 3*t + 24. What is the greatest common factor of t and w?
2
Let q = 5 - 2. Suppose d = -2*d - r + 80, q*d + 2*r = 79. Calculate the highest common factor of d and 81.
27
Suppose 5*r + 24 + 41 = 5*v, 0 = 3*v - r - 45. Let o = v + -9. What is the highest common factor of o and 7?
7
Suppose -p = 2*z - 108, -4*p + z + 392 = -z. What is the greatest common divisor of 4 and p?
4
Let k(b) = 11*b**2 - 4*b + 4. Let d be k(-3). Suppose -3*g - 3*i + 137 = -4*i, -3*g + 135 = -3*i. Calculate the greatest common factor of g and d.
23
Let y = 35 - -3. Let j be 10/(-20) - 115/(-2). What is the greatest common divisor of j and y?
19
Let b be -6*((-2)/(-6) + -1). Suppose -4*k + 24 = -b. Calculate the highest common factor of k and 21.
7
Let m(q) = q. Let j(n) = 5*n + 7. Let t be -1*(-1 + -1 + 3). Let l(u) = t*j(u) + 3*m(u). Let w be l(-6). Calculate the greatest common factor of w and 5.
5
Suppose 3*q - 24 = -2*q + o, 0 = -5*q + 5*o + 40. Suppose 3*u - 44 = q*a, -39 = -5*u - 4*a + 13. What is the greatest common factor of u and 48?
12
Suppose -3*c = -2*c - 4. Suppose 4*f - c*g + 0 = 4, 9 = 5*f - g. Let d be (-50)/f*(-4)/5. What is the greatest common factor of 5 and d?
5
Let x(f) = 3*f + 20. Let h be x(7). Calculate the greatest common divisor of 410 and h.
41
Suppose -5*v + 0*v = -390. What is the greatest common divisor of v and 13?
13
Let p = 259 + -217. What is the greatest common divisor of p and 12?
6
Suppose 5*s - 25 = -4*a + 2, -3*a + 15 = 2*s. Suppose s*c - 105 = -2*c. What is the greatest common divisor of c and 14?
7
Let o(s) = s**2 - 5*s + 13. Let t be o(4). Calculate the highest common divisor of t and 117.
9
Suppose 4*d = -0*d - 24. Let y(f) = -f**2 - 11*f - 2. Let p be y(d). Calculate the greatest common factor of 14 and p.
14
Let n be -2*(3 + -5) - -29. What is the highest common divisor of n and 264?
33
Let n be (40/3)/(-2)*-6. Let y = 6 - 1. Suppose 9 = y*z - 31. What is the highest common factor of n and z?
8
Suppose 0 = 23*m - 21*m - 98. Calculate the highest common divisor of m and 147.
49
Let i = -109 + 188